6.
6
Let y be (-3 - -1) + 1*64. Let a = 236 - y. Suppose 687*z - 893*z = -1236. Calculate the greatest common divisor of z and a.
6
Suppose 9 = -6*k + 7*k. Let b(l) = -2*l**2 + 16*l + 18. Let o be b(k). Let c be 134 + (o - 2 - 0). What is the greatest common divisor of 12 and c?
12
Let z(a) = a**2 - 72*a - 675. Let d be z(-12). Calculate the highest common factor of d and 185.
37
Let p(u) = u**3 - 7*u**2 - 8*u + 1. Let w be p(8). Let z be 105/(-28) + w + 2/(-8). Let j be z*10/(-6)*72/15. What is the greatest common divisor of 120 and j?
24
Let q(j) = j**3 - 37*j**2 + 36*j + 3. Let i be q(36). Let a be (64 + -15)*i/(-14)*-8. Calculate the highest common divisor of 12 and a.
12
Let o be 3/6*(-4 + 1)*32. Let p be (-5)/(-30) - 11416/o. What is the highest common factor of 14 and p?
14
Let c be 4*(-3)/18*-33. Suppose -8*n = 14*n - c. What is the greatest common factor of 37 and n?
1
Suppose -2*y = -p - 1903, -15*p + 3807 = 4*y - 16*p. Calculate the greatest common divisor of y and 504.
56
Suppose 0 = -4*s + 5*f + 1516, -5*f + 1137 = 106*s - 103*s. Suppose s = 4*u + 375. What is the greatest common factor of 23 and u?
1
Let a = 1228 - -712. Calculate the greatest common divisor of a and 20.
20
Let z = 2190 + -2075. What is the highest common divisor of 20 and z?
5
Let y be (-30)/(-4)*13*(-48)/(-40). Suppose -y = -5*k + 143. Calculate the greatest common divisor of 26 and k.
26
Suppose 0 = 8*x - 403 - 836 - 697. What is the greatest common divisor of 1 and x?
1
Let h = -25 - -97. Suppose -u + 32 = 3*j, 0 = 5*u - 9 - 16. Calculate the highest common factor of h and j.
9
Let h(r) = -r**2 - 44*r - 98. Let j be h(-30). Suppose 15*q + 307 = 18*q - 2*t, 3*q - j = 5*t. Calculate the highest common factor of q and 132.
33
Suppose 0 = -3*x - 6, x = -2*a - x + 20. Suppose 27 = a*c - 9*c. Let j(g) = g**3 - 9*g**2 + 4. Let z be j(c). Calculate the greatest common factor of z and 20.
4
Suppose 11860 = 5*f - 5*g, 22*g = -4*f + 17*g + 9434. Calculate the highest common divisor of 7 and f.
7
Suppose -17*n + 96 = -11*n. Suppose -2*x + n = -10. What is the highest common factor of x and 65?
13
Suppose 120 = 4*c + 144, -d + 4*c + 624 = 0. Calculate the greatest common factor of d and 312.
24
Let l(x) = -2*x**2 - 1. Let f(q) = -4*q**2 - 3*q - 22. Let n(d) = f(d) - 3*l(d). Let o be n(-4). Calculate the highest common divisor of 425 and o.
25
Let g(b) be the third derivative of -b**5/30 + 29*b**4/6 - 18*b**3 - 3*b**2 + 42*b. Let o be g(54). What is the highest common factor of o and 144?
36
Suppose 4*m + 32*z - 1456 = 29*z, m + z = 364. Suppose -y = 4*l - 107, 6*l - 3*l - 64 = -4*y. What is the greatest common factor of l and m?
28
Suppose 4*o + 4 + 0 = 0, -251 = -3*w - o. Calculate the greatest common factor of w and 210.
42
Suppose -54*z = -50*z + 4*h - 3860, 5*z - 4817 = -4*h. Calculate the highest common divisor of 33 and z.
33
Let n be 9/((-12)/688*-2). Let h be (1 + (-21)/9)/((-4)/n). Suppose k + h = 87. Calculate the greatest common factor of k and 4.
1
Let y(b) be the first derivative of b**3/3 - 7*b**2/2 + 6*b + 24. Let d be y(8). Suppose -o = -5*o + 448. What is the greatest common factor of d and o?
14
Suppose 0 = -3*s + 3*r + 11 + 1, 0 = 5*r + 20. Suppose s = 8*u - 183 - 313. Suppose 28 + u = 2*a. Calculate the highest common factor of 225 and a.
45
Let m(a) = 4*a**2 + 7*a - 186. Let i be m(16). What is the highest common divisor of 1330 and i?
190
Let r = 7 + 89. Suppose -z - 4*n + n = -52, -110 = -2*z - 3*n. Let q = 64 - z. Calculate the highest common factor of q and r.
6
Let g be (2 - 6734)*(-18)/24. Calculate the highest common divisor of 2079 and g.
297
Let h = -2 - -7. Suppose -h*u + 56 = -7*u. Let i be (237/3 - 3)/((-7)/u). Calculate the highest common factor of i and 38.
38
Let h(x) = 25*x - 1270. Let u be h(61). Calculate the greatest common divisor of 663 and u.
51
Suppose 2*u + 18 = j - 2*u, 0 = -2*j + u + 29. Let h = 37 + -39. Let n be h/(-11) - (-1076)/11. Calculate the greatest common divisor of n and j.
14
Let u(h) = -h**3 - 34*h**2 - 25*h + 282. Let c be u(-33). What is the highest common factor of c and 1206?
18
Let v(s) = -6*s - 3*s + 2 - 3. Let y be v(-5). Suppose 0 = 2*x + 3*p - 16, 8 = -4*x + 4*p + 60. Calculate the highest common divisor of x and y.
11
Let x(v) = v - 7. Let f be x(-4). Let t = -1959 + 3100. Let w be (-2)/f - (-5 + t/(-77)). What is the greatest common factor of w and 60?
20
Suppose 9*q - 818 = -89. Suppose 13*d = q + 192. Calculate the highest common divisor of 3 and d.
3
Let i be -4 + 2489/2 + (-33)/(-66). What is the highest common divisor of 323 and i?
17
Let w = 20584 - 6593. What is the greatest common factor of w and 17?
17
Let q(x) = -x**2 + 9*x - 2. Let a be q(5). Let r = -1655 + 1664. What is the greatest common divisor of a and r?
9
Suppose 10*a = 9*a + 61. Let o = a - 57. What is the greatest common factor of o and 72?
4
Suppose 40*n - 19*n - 16650 = -16*n. What is the greatest common divisor of n and 288?
18
Suppose 5*y + 3948 = 4*d, -2*d - y + 3*y = -1976. Suppose -3*m + 5*m = d. What is the greatest common divisor of 31 and m?
31
Suppose 4*i + 2*m = 4*m + 302, -2*i + 131 = -5*m. What is the highest common divisor of i and 222?
6
Let z(y) = 7*y + 91. Let p be z(-7). Calculate the greatest common divisor of p and 63.
21
Suppose 0*r + 424 = -3*j - 5*r, -2*r - 288 = 2*j. Let n = 239 + j. Calculate the highest common factor of n and 26.
13
Let q = -1193 + 1255. Suppose q*r = 16891 - 709. Suppose -4*n - y + 30 = -87, 0 = 2*n + 4*y - 62. What is the greatest common divisor of r and n?
29
Let p = 80 + 540. What is the highest common divisor of p and 868?
124
Let n be (5/(-10))/(1/(-2)). Suppose n = -y, 2*l - 3*y = -10 + 57. Suppose -566 = -2*c - 170. Calculate the highest common factor of c and l.
22
Suppose -3*z = 4*h - 20, -4*h = z - 2*z - 4. Suppose z*k - 253 = 139. Let r = -38 + k. Calculate the highest common factor of r and 5.
5
Suppose 6*t + 100 = 4132. Suppose 9*w - a - 854 = 4*w, -4*w = 2*a - t. Suppose w = -0*s + 5*s. Calculate the greatest common factor of s and 17.
17
Let s = 15 + 21. Suppose 95 = -r + 76. Let m be 6*(-126)/49*(r - 2). Calculate the highest common factor of s and m.
36
Let s = 1559 + 506. Calculate the highest common divisor of s and 35.
35
Suppose 5*f + 410 = -0*f - 4*s, 10 = 2*s. Let r be 12/(-16) + f/(-8). Let y(j) = j + 149. Let b be y(-39). What is the greatest common factor of r and b?
10
Let o be (5 + -14)*(-60)/(-45) - -20. Let a = -3 + 8. Calculate the highest common divisor of o and a.
1
Let v = 16641 + -16179. What is the highest common factor of 3150 and v?
42
Let p be (-416)/728 - (-3)/21*67232. What is the greatest common factor of p and 14?
14
Suppose -8*w = -3*w + w. Let h(b) = -b**3 + 3*b - 3. Let p be h(w). Let z = 11 + p. Calculate the greatest common factor of z and 8.
8
Let y be 4/3 - (-24)/(-180)*10. Suppose y = 24*w - 19*w - 480. Calculate the greatest common factor of w and 32.
32
Let w be 12/10 + (245328/60 - 20). What is the highest common factor of 220 and w?
110
Suppose 2*t + 3*p - 72 = t, 2*t - 4*p - 184 = 0. Suppose -5*l = -7*l - t. Let z be l/(-11) + (-4)/(-22). Calculate the greatest common factor of z and 4.
4
Suppose -u + 3 + 0 = 0, 10 = -y + 5*u. Suppose y = -8*f + 29. Suppose -4 = 7*i - 9*i - f*m, -17 = -3*i + m. Calculate the greatest common factor of i and 25.
5
Suppose 0*k = 2*k - 76. Let f = -15 + k. Let b be ((-8)/(-12))/(29/(98049/14)). What is the highest common divisor of b and f?
23
Let d be (-9)/((-3)/(-1)) + -101. Let s = d + 110. Suppose 0 = s*k - 811 + 181. What is the greatest common divisor of 21 and k?
21
Let y = 6427 + -5875. Calculate the highest common divisor of y and 744.
24
Let k(b) = -b**3 - 11*b**2 + 27*b + 18. Let t be k(-13). Let c be t/((-245)/(-14)) + 1086/21. Calculate the greatest common factor of 52 and c.
52
Let x = -3699 + 8059. What is the highest common factor of 200 and x?
40
Let m(s) = -5*s**2 - 8*s - 3. Let r(j) = 4*j**2 + 9*j + 2. Let b(f) = -3*m(f) - 4*r(f). Let p be b(-12). Calculate the greatest common divisor of p and 8.
1
Let b = -1368 + 3359. Calculate the greatest common divisor of b and 11.
11
Suppose -b + n + 5 = 0, 4*b - 17 = 5*n + 4. Suppose -6 = -5*k + b*k. Suppose -3*p + 216 = p. Calculate the h